{"id":189,"date":"2022-03-24T20:55:27","date_gmt":"2022-03-24T20:55:27","guid":{"rendered":"https:\/\/businessmaster.atakansaracoglu.com\/?page_id=189"},"modified":"2023-10-24T07:19:37","modified_gmt":"2023-10-24T07:19:37","slug":"lo-studio","status":"publish","type":"page","link":"https:\/\/studiomac.net\/index.php\/lo-studio\/","title":{"rendered":"Lo studio"},"content":{"rendered":"\t\t<div data-elementor-type=\"wp-page\" data-elementor-id=\"189\" class=\"elementor elementor-189\">\n\t\t\t\t<div class=\"elementor-element elementor-element-746dda0 e-flex e-con-boxed e-con e-parent\" data-id=\"746dda0\" data-element_type=\"container\" data-e-type=\"container\">\n\t\t\t\t\t<div class=\"e-con-inner\">\n\t\t\t\t<div class=\"elementor-element elementor-element-73b55a0 elementor-widget__width-initial elementor-widget elementor-widget-heading\" data-id=\"73b55a0\" data-element_type=\"widget\" data-e-type=\"widget\" data-widget_type=\"heading.default\">\n\t\t\t\t<div class=\"elementor-widget-container\">\n\t\t\t\t\t<h2 class=\"elementor-heading-title elementor-size-default\">STUDIO MAC | GESTIONE GLOBALE IMMOBILIARE<\/h2>\t\t\t\t<\/div>\n\t\t\t\t<\/div>\n\t\t\t\t<div class=\"elementor-element elementor-element-3c9f95d elementor-widget__width-initial elementor-widget elementor-widget-text-editor\" data-id=\"3c9f95d\" data-element_type=\"widget\" data-e-type=\"widget\" data-widget_type=\"text-editor.default\">\n\t\t\t\t<div class=\"elementor-widget-container\">\n\t\t\t\t\t\t\t\t\t<p><span style=\"color: #000000;\">Lo Studio Mac opera nel settore delle amministrazioni\u00a0 condominiali nella citt\u00e0 di Cosenza e nell\u2019intera Provincia. La seriet\u00e0 professionale, i numerosi immobili gestiti e l\u2019indice di gradimento degli amministrati sono il nostro core business aziendale. Lo Studio Mac si avvale delle pi\u00f9 recenti tecnologie in campo tecnico, informatico ed amministrativo, inoltre \u00e8 costantemente in linea con le nuove direttive legali, contabili, amministrative e fiscali che regolano questo settore. Velocit\u00e0 di azione, capacit\u00e0 di trovare opportune soluzioni alle problematiche e capillarit\u00e0 di intervento sul territorio: questi sono i nostri punti fermi; questa \u00e8 la nostra realt\u00e0 operativa. Infatti, lo Studio MAC, oltre ai servizi condominiali tradizionalmente intesi, garantisce ai propri amministrati altre forme di prestazioni al passo con i tempi e con la tecnologia. Tanto al fine di abbreviare le distanze esistenti tra l\u2019amministratore ed i cond\u00f2mini. Un esempio? E\u2019 possibile effettuare le segnalazioni di anomalie e guasti sia attraverso i comuni mezzi di comunicazione (fax, segreteria telefonica, sms, numeri di emergenza) sempre attivi, sia tramite la apposita sezione di questo sito \u201cArea condomini\u201d. Il titolare dello Studio MAC, Stanislao Massaro, \u00e8 stato iscritto ad una associazione di categoria professionale dal 1997 al 2020 per far fronte alla necessit\u00e0 di fornire professionalit\u00e0 e competenza nel campo dell\u2019amministrazione condominiale. Questa necessit\u00e0 di competenza e qualifiche \u00e8 aumentata soprattutto da quando il condominio \u00e8 divenuto soggetto d\u2019imposta con l\u2019obbligo di esecuzione di numerosi adempimenti fiscali e contabili, per i quali risultano responsabili economicamente non solo il condominio, quale persona giuridica, ma tutti i singoli cond\u00f2mini che ne fanno parte. Ecco perch\u00e9 oggi, ancor pi\u00f9 di ieri, l\u2019amministratore del condominio non pu\u00f2 essere una figura improvvisata, n\u00e9 un semplice \u201csbriga faccende\u201d al servizio dei condomini, ma deve avere una preparazione molto ampia e completa, diversificata in pi\u00f9 settori: giuridico, tecnico, fiscale e contabile. Anche per questo lo Studio Mac investe diverse ore nella formazione dei collaboratori, affinch\u00e9 gli standard di operativit\u00e0 siano sempre elevati. A sicurezza, anche dei nostri clienti, tutte le attivit\u00e0 svolte dallo Studio Mac sono coperte da apposita Assicurazione per la responsabilit\u00e0 civile e professionale. Ma non solo. Il titolare dello Studio MAC, Stanislao Massaro, ha svolto anche attivit\u00e0 come custode per le procedure esecutive immobiliari ed amministratore giudiziario presso il Tribunale di Cosenza. Ha conseguito, inoltre, l\u2019idoneit\u00e0 ad esercitare in materia di sicurezza gli adempimenti informativi e di gestione\/controllo obbligatori in caso di presenza, all\u2019interno del condominio, di dipendenti assunti, quali portieri. Inoltre, i fornitori, delle cui prestazioni si avvale lo Studio MAC, vantano esperienza e professionalit\u00e0 nell\u2019erogazione dei relativi servizi che vanno dalle opere di pulizia, di manutenzione e di assistenza (con attivit\u00e0 di intervento mirate e programmate) fino alle prestazioni di emergenza per la soluzione di anomalie ed inconvenienti che causano la mancata e\/o insufficiente erogazione del servizio idrico, elettrico ecc. Affidati allo Studio MAC: ci permetterai di conoscerci e studieremo insieme la migliore soluzione per il tuo immobile.\u00a0<\/span><\/p>\t\t\t\t\t\t\t\t<\/div>\n\t\t\t\t<\/div>\n\t\t\t\t\t<\/div>\n\t\t\t\t<\/div>\n\t\t<div class=\"elementor-element elementor-element-a378fb9 e-flex e-con-boxed e-con e-parent\" data-id=\"a378fb9\" data-element_type=\"container\" data-e-type=\"container\">\n\t\t\t\t\t<div class=\"e-con-inner\">\n\t\t\t\t<div class=\"elementor-element elementor-element-76b2ff1 elementor-arrows-position-inside elementor-pagination-position-outside elementor-widget elementor-widget-image-carousel\" data-id=\"76b2ff1\" data-element_type=\"widget\" data-e-type=\"widget\" data-settings=\"{&quot;slides_to_show&quot;:&quot;5&quot;,&quot;navigation&quot;:&quot;both&quot;,&quot;autoplay&quot;:&quot;yes&quot;,&quot;pause_on_hover&quot;:&quot;yes&quot;,&quot;pause_on_interaction&quot;:&quot;yes&quot;,&quot;autoplay_speed&quot;:5000,&quot;infinite&quot;:&quot;yes&quot;,&quot;speed&quot;:500}\" data-widget_type=\"image-carousel.default\">\n\t\t\t\t<div class=\"elementor-widget-container\">\n\t\t\t\t\t\t\t<div class=\"elementor-image-carousel-wrapper swiper\" role=\"region\" aria-roledescription=\"carousel\" aria-label=\"Carosello d&#039;immagini\" dir=\"ltr\">\n\t\t\t<div class=\"elementor-image-carousel swiper-wrapper\" aria-live=\"off\">\n\t\t\t\t\t\t\t\t<div class=\"swiper-slide\" role=\"group\" aria-roledescription=\"slide\" aria-label=\"1 di 12\"><figure class=\"swiper-slide-inner\"><img decoding=\"async\" class=\"swiper-slide-image\" src=\"https:\/\/studiomac.net\/wp-content\/uploads\/2023\/10\/studiomac-1-150x150.png\" alt=\"studiomac 1\" \/><\/figure><\/div><div class=\"swiper-slide\" role=\"group\" aria-roledescription=\"slide\" aria-label=\"2 di 12\"><figure class=\"swiper-slide-inner\"><img decoding=\"async\" class=\"swiper-slide-image\" src=\"https:\/\/studiomac.net\/wp-content\/uploads\/2023\/10\/studiomac-2-150x150.png\" alt=\"studiomac 2\" \/><\/figure><\/div><div class=\"swiper-slide\" role=\"group\" aria-roledescription=\"slide\" aria-label=\"3 di 12\"><figure class=\"swiper-slide-inner\"><img decoding=\"async\" class=\"swiper-slide-image\" src=\"https:\/\/studiomac.net\/wp-content\/uploads\/2023\/10\/studiomac-3-150x150.png\" alt=\"studiomac 3\" \/><\/figure><\/div><div class=\"swiper-slide\" role=\"group\" aria-roledescription=\"slide\" aria-label=\"4 di 12\"><figure class=\"swiper-slide-inner\"><img decoding=\"async\" class=\"swiper-slide-image\" src=\"https:\/\/studiomac.net\/wp-content\/uploads\/2023\/10\/studiomac-4-150x150.png\" alt=\"studiomac 4\" \/><\/figure><\/div><div class=\"swiper-slide\" role=\"group\" aria-roledescription=\"slide\" aria-label=\"5 di 12\"><figure class=\"swiper-slide-inner\"><img decoding=\"async\" class=\"swiper-slide-image\" src=\"https:\/\/studiomac.net\/wp-content\/uploads\/2023\/10\/studiomac-5-150x150.png\" alt=\"studiomac 5\" \/><\/figure><\/div><div class=\"swiper-slide\" role=\"group\" aria-roledescription=\"slide\" aria-label=\"6 di 12\"><figure class=\"swiper-slide-inner\"><img decoding=\"async\" class=\"swiper-slide-image\" src=\"https:\/\/studiomac.net\/wp-content\/uploads\/2023\/10\/studiomac-6-150x150.png\" alt=\"studiomac 6\" \/><\/figure><\/div><div class=\"swiper-slide\" role=\"group\" aria-roledescription=\"slide\" aria-label=\"7 di 12\"><figure class=\"swiper-slide-inner\"><img decoding=\"async\" class=\"swiper-slide-image\" src=\"https:\/\/studiomac.net\/wp-content\/uploads\/2023\/10\/studiomac-7-150x150.png\" alt=\"studiomac 7\" \/><\/figure><\/div><div class=\"swiper-slide\" role=\"group\" aria-roledescription=\"slide\" aria-label=\"8 di 12\"><figure class=\"swiper-slide-inner\"><img decoding=\"async\" class=\"swiper-slide-image\" src=\"https:\/\/studiomac.net\/wp-content\/uploads\/2023\/10\/studiomac-8-150x150.png\" alt=\"studiomac 8\" \/><\/figure><\/div><div class=\"swiper-slide\" role=\"group\" aria-roledescription=\"slide\" aria-label=\"9 di 12\"><figure class=\"swiper-slide-inner\"><img decoding=\"async\" class=\"swiper-slide-image\" src=\"https:\/\/studiomac.net\/wp-content\/uploads\/2023\/10\/studiomac-9-150x150.png\" alt=\"studiomac 9\" \/><\/figure><\/div><div class=\"swiper-slide\" role=\"group\" aria-roledescription=\"slide\" aria-label=\"10 di 12\"><figure class=\"swiper-slide-inner\"><img decoding=\"async\" class=\"swiper-slide-image\" src=\"https:\/\/studiomac.net\/wp-content\/uploads\/2023\/10\/studiomac-10-150x150.png\" alt=\"studiomac 10\" \/><\/figure><\/div><div class=\"swiper-slide\" role=\"group\" aria-roledescription=\"slide\" aria-label=\"11 di 12\"><figure class=\"swiper-slide-inner\"><img decoding=\"async\" class=\"swiper-slide-image\" src=\"https:\/\/studiomac.net\/wp-content\/uploads\/2023\/10\/studiomac-11-150x150.png\" alt=\"studiomac 11\" \/><\/figure><\/div><div class=\"swiper-slide\" role=\"group\" aria-roledescription=\"slide\" aria-label=\"12 di 12\"><figure class=\"swiper-slide-inner\"><img decoding=\"async\" class=\"swiper-slide-image\" src=\"https:\/\/studiomac.net\/wp-content\/uploads\/2023\/10\/studiomac-12-150x150.png\" alt=\"studiomac 12\" \/><\/figure><\/div>\t\t\t<\/div>\n\t\t\t\t\t\t\t\t\t\t\t\t<div class=\"elementor-swiper-button elementor-swiper-button-prev\" role=\"button\" tabindex=\"0\">\n\t\t\t\t\t\t<i aria-hidden=\"true\" class=\"eicon-chevron-left\"><\/i>\t\t\t\t\t<\/div>\n\t\t\t\t\t<div class=\"elementor-swiper-button elementor-swiper-button-next\" role=\"button\" tabindex=\"0\">\n\t\t\t\t\t\t<i aria-hidden=\"true\" class=\"eicon-chevron-right\"><\/i>\t\t\t\t\t<\/div>\n\t\t\t\t\n\t\t\t\t\t\t\t\t\t<div class=\"swiper-pagination\"><\/div>\n\t\t\t\t\t\t\t\t\t<\/div>\n\t\t\t\t\t\t<\/div>\n\t\t\t\t<\/div>\n\t\t\t\t\t<\/div>\n\t\t\t\t<\/div>\n\t\t\t\t<\/div>\n\t\t","protected":false},"excerpt":{"rendered":"<p>STUDIO MAC | GESTIONE GLOBALE IMMOBILIARE Lo Studio Mac opera nel settore delle amministrazioni\u00a0 condominiali nella citt\u00e0 di Cosenza e nell\u2019intera Provincia. La seriet\u00e0 professionale, i numerosi immobili gestiti e l\u2019indice di gradimento degli amministrati sono il nostro core business aziendale. Lo Studio Mac si avvale delle pi\u00f9 recenti tecnologie in campo tecnico, informatico ed [&hellip;]<\/p>\n","protected":false},"author":1,"featured_media":0,"parent":0,"menu_order":0,"comment_status":"closed","ping_status":"closed","template":"","meta":{"om_disable_all_campaigns":false,"_monsterinsights_skip_tracking":false,"_monsterinsights_sitenote_active":false,"_monsterinsights_sitenote_note":"","_monsterinsights_sitenote_category":0,"footnotes":""},"class_list":["post-189","page","type-page","status-publish","hentry"],"aioseo_notices":[],"_links":{"self":[{"href":"https:\/\/studiomac.net\/index.php\/wp-json\/wp\/v2\/pages\/189","targetHints":{"allow":["GET"]}}],"collection":[{"href":"https:\/\/studiomac.net\/index.php\/wp-json\/wp\/v2\/pages"}],"about":[{"href":"https:\/\/studiomac.net\/index.php\/wp-json\/wp\/v2\/types\/page"}],"author":[{"embeddable":true,"href":"https:\/\/studiomac.net\/index.php\/wp-json\/wp\/v2\/users\/1"}],"replies":[{"embeddable":true,"href":"https:\/\/studiomac.net\/index.php\/wp-json\/wp\/v2\/comments?post=189"}],"version-history":[{"count":18,"href":"https:\/\/studiomac.net\/index.php\/wp-json\/wp\/v2\/pages\/189\/revisions"}],"predecessor-version":[{"id":979,"href":"https:\/\/studiomac.net\/index.php\/wp-json\/wp\/v2\/pages\/189\/revisions\/979"}],"wp:attachment":[{"href":"https:\/\/studiomac.net\/index.php\/wp-json\/wp\/v2\/media?parent=189"}],"curies":[{"name":"wp","href":"https:\/\/api.w.org\/{rel}","templated":true}]}}